{"id":2714,"date":"2015-01-23T17:17:20","date_gmt":"2015-01-23T17:17:20","guid":{"rendered":"http:\/\/imagomagic.com\/?page_id=2714"},"modified":"2026-02-08T18:33:26","modified_gmt":"2026-02-08T18:33:26","slug":"short_cv_npg-2","status":"publish","type":"page","link":"https:\/\/imagomagic.com\/?page_id=2714","title":{"rendered":"short_cv_npg"},"content":{"rendered":"<p>[vc_row color=\u00bbcolor2&#8243; bg_color=\u00bb\u00bb][vc_column width=\u00bb1\/1&#8243;][vc_column_text color=\u00bbcolor2&#8243;]<span style=\"color: #ffffff;\"><a style=\"color: #ffffff;\" href=\"http:\/\/imagomagic.com\/?page_id=2271\">\u2190\u00a0 \u2014\u00a0\u00a0\u00a0\u00a0\u00a0\u00a0\u00a0\u00a0\u00a0\u00a0\u00a0\u00a0\u00a0\u00a0\u00a0 <\/a><a style=\"color: #ffffff;\" href=\"http:\/\/imagomagic.com\/?page_id=2271\">\u2190\u00a0 \u2014<\/a><\/span>[\/vc_column_text][\/vc_column][\/vc_row][vc_row color=\u00bbcolor2&#8243; bg_color=\u00bb\u00bb][vc_column width=\u00bb1\/6&#8243;][\/vc_column][vc_column width=\u00bb2\/3&#8243;][vc_column_text color=\u00bbcolor4&#8243;]<\/p>\n<p data-start=\"221\" data-end=\"245\"><span style=\"color: #999999;\"><strong data-start=\"221\" data-end=\"245\">Natalia P\u00e9rez-Gald\u00f3s<\/strong><\/span><\/p>\n<p data-start=\"247\" data-end=\"445\"><span style=\"color: #999999;\">\u2014 Master\u2019s Degree in Journalism, UAM\u2013EL PA\u00cdS. EL PA\u00cdS Journalism School (Madrid)<\/span><br data-start=\"327\" data-end=\"330\" \/><span style=\"color: #999999;\">\u2014 Degree in Philosophy. Universidad Aut\u00f3noma de Madrid<\/span><br data-start=\"384\" data-end=\"387\" \/><span style=\"color: #999999;\">\u2014 Degree in Fine Arts. Universidad Complutense de Madrid<\/span><\/p>\n<p data-start=\"447\" data-end=\"466\"><span style=\"color: #999999;\">-:- -:- -:-<\/span><\/p>\n<p data-start=\"468\" data-end=\"733\"><span style=\"color: #999999;\">Involved in photographic practice for many years, she worked for a decade at the television channel CANAL+ (Film Department). Since 2003 she has worked as a freelancer, curating exhibitions and collaborating as a scriptwriter, media content designer and journalist.<\/span><\/p>\n<p data-start=\"735\" data-end=\"885\"><span style=\"color: #999999;\">She currently works as a Journalist, translator, writer and photographer, and leads workshops, dividing her time between Madrid, Berlin, Santander and Sotosalbos.<\/span><\/p>\n<p data-start=\"803\" data-end=\"822\"><span style=\"color: #999999;\">-:- -:- -:-<\/span><\/p>\n<p data-start=\"940\" data-end=\"964\"><span style=\"color: #999999;\"><strong data-start=\"940\" data-end=\"964\">Natalia P\u00e9rez-Gald\u00f3s<\/strong><\/span><\/p>\n<p data-start=\"966\" data-end=\"1173\"><span style=\"color: #999999;\">\u2014 M\u00e1ster en Periodismo, UAM\u2013EL PA\u00cdS. Escuela de Periodismo EL PA\u00cdS (Madrid)<\/span><br data-start=\"1041\" data-end=\"1044\" \/><span style=\"color: #999999;\">\u2014 Licenciatura en Filosof\u00eda. Universidad Aut\u00f3noma de Madrid<\/span><br data-start=\"1103\" data-end=\"1106\" \/><span style=\"color: #999999;\">\u2014 Licenciatura en Bellas Artes. Universidad Complutense de Madrid<\/span><\/p>\n<p data-start=\"1175\" data-end=\"1194\"><span style=\"color: #999999;\">-:- -:- -:-<\/span><\/p>\n<p data-start=\"1196\" data-end=\"1485\"><span style=\"color: #999999;\">Vinculada a la pr\u00e1ctica fotogr\u00e1fica desde hace muchos a\u00f1os, trabaj\u00f3 durante una d\u00e9cada en el canal de televisi\u00f3n CANAL+ (Departamento de Cine). Desde 2003 desarrolla su actividad como freelance, comisariando exposiciones y colaborando como guionista, dise\u00f1adora de contenidos y periodista.<\/span><\/p>\n<p data-start=\"1487\" data-end=\"1634\"><span style=\"color: #999999;\">Actualmente trabaja como periodista, traductora, escritora y fot\u00f3grafa, e imparte talleres, repartiendo su tiempo entre Madrid, Berl\u00edn, Santander y Sotosalbos.<\/span><\/p>\n<h6 style=\"text-align: left;\"><span style=\"color: #999999;\"><em>\u00a0<\/em><\/span><\/h6>\n<p>[\/vc_column_text][\/vc_column][vc_column width=\u00bb1\/6&#8243;][\/vc_column][\/vc_row][vc_row color=\u00bbcolor2&#8243; bg_color=\u00bb\u00bb][vc_column width=\u00bb1\/1&#8243;][vc_column_text color=\u00bbcolor2&#8243;]<span style=\"color: #ffffff;\"><a style=\"color: #ffffff;\" href=\"http:\/\/imagomagic.com\/?page_id=2271\">\u2190\u00a0 \u2014\u00a0\u00a0\u00a0\u00a0\u00a0\u00a0\u00a0\u00a0\u00a0\u00a0\u00a0\u00a0\u00a0\u00a0\u00a0\u00a0\u00a0\u00a0\u00a0\u00a0\u00a0\u00a0\u00a0\u00a0\u00a0\u00a0\u00a0\u00a0\u00a0\u00a0 <\/a><a style=\"color: #ffffff;\" href=\"http:\/\/imagomagic.com\/?page_id=2271\">\u2190\u00a0 \u2014<\/a><\/span>[\/vc_column_text][\/vc_column][\/vc_row]<\/p>\n","protected":false},"excerpt":{"rendered":"<p>[vc_row color=\u00bbcolor2&#8243; bg_color=\u00bb\u00bb][vc_column width=\u00bb1\/1&#8243;][vc_column_text color=\u00bbcolor2&#8243;]\u2190\u00a0 \u2014\u00a0\u00a0\u00a0\u00a0\u00a0\u00a0\u00a0\u00a0\u00a0\u00a0\u00a0\u00a0\u00a0\u00a0\u00a0 \u2190\u00a0 \u2014[\/vc_column_text][\/vc_column][\/vc_row][vc_row color=\u00bbcolor2&#8243; bg_color=\u00bb\u00bb][vc_column width=\u00bb1\/6&#8243;][\/vc_column][vc_column width=\u00bb2\/3&#8243;][vc_column_text color=\u00bbcolor4&#8243;] Natalia P\u00e9rez-Gald\u00f3s \u2014 Master\u2019s Degree in Journalism, UAM\u2013EL PA\u00cdS. EL PA\u00cdS Journalism School (Madrid)\u2014 Degree in Philosophy. Universidad Aut\u00f3noma de Madrid\u2014 Degree in Fine Arts. Universidad Complutense de Madrid -:- -:- -:- Involved in photographic practice for many years, she worked for [&hellip;]<\/p>\n","protected":false},"author":1,"featured_media":0,"parent":0,"menu_order":0,"comment_status":"closed","ping_status":"closed","template":"","meta":{"footnotes":""},"class_list":["post-2714","page","type-page","status-publish","hentry"],"_links":{"self":[{"href":"https:\/\/imagomagic.com\/index.php?rest_route=\/wp\/v2\/pages\/2714","targetHints":{"allow":["GET"]}}],"collection":[{"href":"https:\/\/imagomagic.com\/index.php?rest_route=\/wp\/v2\/pages"}],"about":[{"href":"https:\/\/imagomagic.com\/index.php?rest_route=\/wp\/v2\/types\/page"}],"author":[{"embeddable":true,"href":"https:\/\/imagomagic.com\/index.php?rest_route=\/wp\/v2\/users\/1"}],"replies":[{"embeddable":true,"href":"https:\/\/imagomagic.com\/index.php?rest_route=%2Fwp%2Fv2%2Fcomments&post=2714"}],"version-history":[{"count":62,"href":"https:\/\/imagomagic.com\/index.php?rest_route=\/wp\/v2\/pages\/2714\/revisions"}],"predecessor-version":[{"id":5545,"href":"https:\/\/imagomagic.com\/index.php?rest_route=\/wp\/v2\/pages\/2714\/revisions\/5545"}],"wp:attachment":[{"href":"https:\/\/imagomagic.com\/index.php?rest_route=%2Fwp%2Fv2%2Fmedia&parent=2714"}],"curies":[{"name":"wp","href":"https:\/\/api.w.org\/{rel}","templated":true}]}}