{"id":4891,"date":"2020-05-20T18:05:15","date_gmt":"2020-05-20T18:05:15","guid":{"rendered":"https:\/\/imagomagic.com\/?post_type=product&#038;p=4891"},"modified":"2026-02-08T19:50:53","modified_gmt":"2026-02-08T19:50:53","slug":"bruch","status":"publish","type":"product","link":"https:\/\/imagomagic.com\/?product=bruch","title":{"rendered":"Bruch"},"content":{"rendered":"<p>[vc_row bg_color=\u00bb\u00bb][vc_column width=\u00bb1\/1&#8243;][vc_column_text]<\/p>\n<p style=\"text-align: right;\"><span style=\"color: #808080;\">** Contactar directamente con <strong>support@imagomagic.com <\/strong>para info sobre precio y acabados | contact directly to <strong>support@imagomagic.com<\/strong> for info on prices and photofinishes<\/span><\/p>\n<p>[\/vc_column_text][\/vc_column][\/vc_row][vc_row bg_color=\u00bb\u00bb][vc_column][vc_column_text]<span style=\"color: #666699;\"><strong>PHOTOFINISHING<\/strong><\/span><br \/>\n<span style=\"color: #666699;\"><strong>&#x2666;<a style=\"color: #666699;\" href=\"https:\/\/imagomagic.com\/wp-content\/uploads\/2020\/06\/William_Turner_190.pdf\" target=\"_blank\" rel=\"noopener noreferrer\">William Turner<\/a> \u2013<\/strong><\/span> a white, 100% cotton paper \u2013 guarantees archival standards. The mould-made watercolour paper features a distinct textured surface. With its premium matt inkjet coating William Turner meets the highest industry standards regarding density, colour gamut, colour graduation and image sharpness while preserving the special touch and feel of genuine art paper. Compatible with pigmented and dye <span style=\"color: #333333;\">inkjet systems.<\/span><br \/>\n<span style=\"color: #666699;\"><strong>&#x2666; Bamboo <\/strong><a style=\"color: #666699;\" href=\"https:\/\/imagomagic.com\/wp-content\/uploads\/2020\/05\/Hahnemu\u0308hle_Bamboo_Paper.pdf\" target=\"_blank\" rel=\"noopener noreferrer\"><strong>Hahnem\u00fchlle Paper-<\/strong><\/a><\/span> 290 gs\/m | 90% bamboo fibres \u2013 10% cotton | natural white<\/p>\n<p><span style=\"color: #666699;\"><strong>FOTOACABADO<\/strong><\/span><br \/>\n<span style=\"color: #666699;\"><strong>&#x2666;<a style=\"color: #666699;\" href=\"https:\/\/imagomagic.com\/wp-content\/uploads\/2020\/06\/William_Turner_190.pdf\" target=\"_blank\" rel=\"noopener noreferrer\">Papel William Turner<\/a><\/strong><\/span> de 190g\/m2. es un papel de acuarela fabricado con el tradicional procedimiento de criba redonda y con capa inkjet optimizada para las impresiones Fine Art. Este papel blanco a base de algod\u00f3n no contiene blanqueadores \u00f3pticosLa capa inkjet premium mate garantiza unos resultados excelentes de impresi\u00f3n con una extraordinaria reproducci\u00f3n de colores y detalles, impresionantes contrastes y un color <span style=\"color: #333333;\">negro de gran profundidad. William Turner es libre de \u00e1cido y lignina y cumple con los requisitos m\u00e1s rigurosos de resistencia al envejecimiento. &#x2666;<\/span><br \/>\n<span style=\"color: #666699;\"><strong>&#x2666; <\/strong><\/span><a href=\"https:\/\/imagomagic.com\/wp-content\/uploads\/2020\/05\/Hahnemu\u0308hle_Bamboo_Paper.pdf\" target=\"_blank\" rel=\"noopener noreferrer\"><strong><span style=\"color: #666699;\">Papel Bamboo fineart de la casa H\u00e4hnem\u00fcle<\/span><\/strong><\/a> de (290g\/m | 90% fibras de bamb\u00fa -10% de algod\u00f3n blanco natural)<\/p>\n<h6 style=\"text-align: right;\"><span style=\"color: #666699;\">They\u2019re the vineyards of meteors,<\/span><br \/>\n<span style=\"color: #666699;\">the subways of sapphires.<\/span><br \/>\n<span style=\"color: #666699;\">On the plateaus the toy soldier<\/span><br \/>\n<span style=\"color: #666699;\">sleeps in clothing of tin.<\/span><\/h6>\n<h6 style=\"text-align: right;\"><span style=\"color: #666699;\">Cooper stablish its crimes<\/span><br \/>\n<span style=\"color: #666699;\">in the unburied darkness<\/span><br \/>\n<span style=\"color: #666699;\">charged with Green matter,<\/span><br \/>\n<span style=\"color: #666699;\">and in the accumulated silence<\/span><br \/>\n<span style=\"color: #666699;\">the destructive mummies sleep on.<\/span><\/h6>\n<h6 style=\"text-align: right;\"><span style=\"color: #666699;\">Canto general, Minerals, Pablo Neruda<\/span><\/h6>\n<p>[\/vc_column_text][\/vc_column][\/vc_row]<\/p>\n","protected":false},"excerpt":{"rendered":"<h4>[\u03bcTektonik des Krieges Series \u2014\u03bcTect\u00f3nica de la Guerra]<\/h4>\n<p>&nbsp;<\/p>\n<p>1 Exemplar\u00a0 from [Edition of 30]\u00a0 \u2014 Size A3<\/p>\n<h6>&#x2665;\u00a0 [Sold alne or as a complete series -13 photos-]<\/h6>\n<p>&nbsp;<\/p>\n<p>&nbsp;<\/p>\n","protected":false},"featured_media":3166,"comment_status":"open","ping_status":"closed","template":"","meta":[],"product_brand":[],"product_cat":[87],"product_tag":[],"class_list":{"0":"post-4891","1":"product","2":"type-product","3":"status-publish","4":"has-post-thumbnail","6":"product_cat-tectonica-de-la-guerra","7":"product_shipping_class-a3-passepartout","9":"first","10":"instock","11":"taxable","12":"shipping-taxable","13":"purchasable","14":"product-type-variable"},"_links":{"self":[{"href":"https:\/\/imagomagic.com\/index.php?rest_route=\/wp\/v2\/product\/4891","targetHints":{"allow":["GET"]}}],"collection":[{"href":"https:\/\/imagomagic.com\/index.php?rest_route=\/wp\/v2\/product"}],"about":[{"href":"https:\/\/imagomagic.com\/index.php?rest_route=\/wp\/v2\/types\/product"}],"replies":[{"embeddable":true,"href":"https:\/\/imagomagic.com\/index.php?rest_route=%2Fwp%2Fv2%2Fcomments&post=4891"}],"wp:featuredmedia":[{"embeddable":true,"href":"https:\/\/imagomagic.com\/index.php?rest_route=\/wp\/v2\/media\/3166"}],"wp:attachment":[{"href":"https:\/\/imagomagic.com\/index.php?rest_route=%2Fwp%2Fv2%2Fmedia&parent=4891"}],"wp:term":[{"taxonomy":"product_brand","embeddable":true,"href":"https:\/\/imagomagic.com\/index.php?rest_route=%2Fwp%2Fv2%2Fproduct_brand&post=4891"},{"taxonomy":"product_cat","embeddable":true,"href":"https:\/\/imagomagic.com\/index.php?rest_route=%2Fwp%2Fv2%2Fproduct_cat&post=4891"},{"taxonomy":"product_tag","embeddable":true,"href":"https:\/\/imagomagic.com\/index.php?rest_route=%2Fwp%2Fv2%2Fproduct_tag&post=4891"}],"curies":[{"name":"wp","href":"https:\/\/api.w.org\/{rel}","templated":true}]}}